 10.
-76
Convert 22022120 (base 3) to base 11.
4612
Convert 7253 (base 8) to base 15.
11a5
524 (base 6) to base 11
169
What is -110001000 (base 2) in base 3?
-112112
Convert 22132102 (base 4) to base 8.
123622
152 (base 8) to base 14
78
6be1 (base 15) to base 9
34414
What is -15661 (base 7) in base 11?
-3389
122120 (base 3) to base 13
2a6
Convert 2201200 (base 3) to base 8.
3705
-1b4e (base 15) to base 12
-3518
20426 (base 8) to base 11
6400
Convert 103120 (base 4) to base 11.
a28
Convert -1c5a (base 13) to base 11.
-325a
Convert -12db5 (base 14) to base 15.
-dc26
What is 4004 (base 7) in base 13?
81b
Convert -1100013 (base 4) to base 6.
-35423
Convert -100011211 (base 3) to base 15.
-1eb1
Convert -3412 (base 11) to base 12.
-2722
What is f49 (base 16) in base 6?
30041
Convert -418a (base 16) to base 10.
-16778
3251 (base 7) to base 14
5d1
-431 (base 13) to base 16
-2cc
What is 497 (base 11) in base 6?
2422
Convert 11220 (base 3) to base 8.
204
What is -6167 (base 9) in base 8?
-10644
-227 (base 11) to base 8
-417
-342314 (base 5) to base 15
-393e
1110221001 (base 3) to base 12
14a17
What is -2522 (base 9) in base 13?
-b1b
6539 (base 11) to base 14
3209
Convert -10846 (base 10) to base 4.
-2221132
1573 (base 10) to base 2
11000100101
Convert -167b (base 14) to base 11.
-3033
138 (base 9) to base 7
224
-11166 (base 9) to base 12
-4373
57460 (base 9) to base 10
38286
What is -50a (base 11) in base 8?
-1147
Convert 30345 (base 7) to base 8.
16327
-bb4 (base 15) to base 4
-221110
-51 (base 14) to base 13
-56
What is 6165 (base 8) in base 11?
243a
Convert -23030 (base 9) to base 10.
-15336
What is -17ba (base 15) in base 5?
-131000
What is 431334 (base 5) in base 4?
3210002
Convert 1510 (base 11) to base 14.
9d1
What is -1883 (base 10) in base 14?
-987
Convert -101013 (base 4) to base 5.
-13340
Convert -11001200 (base 3) to base 6.
-21413
What is 159 (base 13) in base 12?
183
Convert 2a135 (base 11) to base 12.
208a7
Convert -121440 (base 5) to base 3.
-20100010
242 (base 16) to base 3
210102
What is -113 (base 10) in base 13?
-89
Convert -26414 (base 8) to base 5.
-332112
What is -111000101001011 (base 2) in base 15?
-88d8
Convert -1121 (base 7) to base 2.
-110010111
What is -19c0 (base 13) in base 4?
-330202
Convert -7977 (base 12) to base 2.
-11010010101011
Convert -2767 (base 8) to base 15.
-6bc
Convert -331 (base 11) to base 3.
-112201
Convert 5032 (base 14) to base 8.
32704
What is 77b (base 14) in base 3?
2000212
Convert -64341 (base 7) to base 8.
-37122
What is -11003 (base 6) in base 9?
-2063
What is -10012110021 (base 3) in base 13?
-228c1
Convert 542 (base 12) to base 14.
3d0
Convert -3420 (base 8) to base 4.
-130100
What is 52 (base 10) in base 11?
48
14603 (base 7) to base 8
7746
What is -2131200 (base 5) in base 4?
-20321021
What is -7b8 (base 12) in base 5?
-14043
Convert -10111101010011 (base 2) to base 6.
-132031
What is a (base 15) in base 3?
101
Convert 100111101101101 (base 2) to base 3.
1000220002
What is 3042 (base 5) in base 8?
615
-172 (base 15) to base 13
-1c7
Convert 224004 (base 5) to base 9.
11873
What is -3c29 (base 13) in base 14?
-3222
What is -175 (base 9) in base 10?
-149
What is -32742 (base 8) in base 4?
-3113202
Convert 5534 (base 6) to base 3.
1202111
-5cd (base 14) to base 15
-526
What is 1670 (base 11) in base 9?
2831
What is -15263 (base 8) in base 16?
-1ab3
57a2 (base 16) to base 15
69a9
Convert -1850 (base 9) to base 14.
-738
-522 (base 8) to base 9
-415
Convert -3152 (base 7) to base 12.
-78b
Convert -34865 (base 10) to base 7.
-203435
323e (base 16) to base 5
402422
-13243 (base 6) to base 9
-2720
What is -3770 (base 13) in base 7?
-31634
-264 (base 12) to base 11
-301
-13100 (base 4) to base 5
-3324
Convert -20212212 (base 3) to base 13.
-2390
7258 (base 11) to base 5
301442
What is 214350 (base 6) in base 8?
42672
10110100000110 (base 2) to base 15
3636
What is -6558 (base 12) in base 15?
-348b
Convert 12610 (base 8) to base 12.
3234
Convert 9b (base 16) to base 3.
12202
What is -101101011100100 (base 2) in base 4?
-11223210
Convert -5321 (base 8) to base 14.
-101b
-1063 (base 7) to base 15
-1ad
-15b8 (base 13) to base 3
-11101021
What is -26425 (base 8) in base 16?
-2d15
Convert -210a (base 12) to base 10.
-3610
What is 10003011 (base 4) in base 5?
1012311
What is -111110101011 (base 2) in base 10?
-4011
Convert -7534 (base 11) to base 10.
-9959
Convert -103310 (base 6) to base 2.
-10000101011010
What is -10090 (base 12) in base 15?
-6299
1000211 (base 3) to base 2
1011101111
What is 452 (base 14) in base 7?
2332
-4034 (base 5) to base 8
-1007
What is -1456b (base 13) in base 10?
-38283
-842 (base 11) to base 16
-3f6
Convert -7384 (base 12) to base 10.
-12628
258 (base 13) to base 6
1523
-105542 (base 6) to base 16
-2366
Convert 35054 (base 6) to base 12.
2a8a
What is -267 (base 15) in base 12?
-397
What is -ac (base 15) in base 2?
-10100010
What is 19c (base 16) in base 12?
2a4
Convert -102020 (base 3) to base 12.
-213
Convert -113302 (base 4) to base 15.
-6b7
-163a (base 14) to base 9
-5403
1001110101000111 (base 2) to base 13
15432
What is -680 (base 9) in base 13?
-33c
What is 1235 (base 7) in base 11?
395
-1452 (base 7) to base 4
-21000
52a7 (base 13) to base 2
10110011000100
-74611 (base 9) to base 6
-1020231
What is 101101101 (base 2) in base 10?
365
Convert 4223 (base 6) to base 13.
582
What is 4654 (base 11) in base 3?
22101021
-5c7c (base 14) to base 12
-9446
What is -20011 (base 3) in base 15?
-b1
3142412 (base 5) to base 6
1044413
-30240 (base 5) to base 12
-1161
What is -4122 (base 8) in base 15?
-970
12030 (base 4) to base 14
204
-1104021 (base 5) to base 4
-10230331
What is 276 (base 8) in base 10?
190
Convert 12500 (base 8) to base 3.
21110111
What is -1b2 (base 13) in base 6?
-1242
-1 (base 4) to base 7
-1
Convert 5013 (base 9) to base 14.
1493
-2ef (base 16) to base 8
-1357
What is -292 (base 12) in base 8?
-616
Convert -100110011001 (base 2) to base 10.
-2457
What is -11a (base 12) in base 16?
-a6
What is 17443 (base 8) in base 11?
5a97
33b (base 13) to base 2
1000101101
What is 140314 (base 6) in base 8?
31426
What is 1001111100010 (base 2) in base 8?
11742
What is -1012332 (base 4) in base 11?
-345a
111332 (base 4) to base 3
1221002
What is -2207 (base 14) in base 3?
-22002001
659 (base 10) to base 5
10114
Convert 1010010000101 (base 2) to base 4.
1102011
What is -1531 (base 6) in base 7?
-1132
What is -4423321 (base 5) in base 13?
-28bbb
Convert -12661 (base 7) to base 11.
-2633
What is 11100101010 (base 2) in base 13?
ab1
What is 151110 (base 6) in base 2?
11100010110010
113 (base 16) to base 2
100010011
Convert -17a2b (base 12) to base 3.
-1202001122
-10111021 (base 3) to base 11
-1a04
Convert -203103 (base 4) to base 3.
-10002200
What is 5459 (base 15) in base 10?
17859
-3102 (base 10) to base 6
-22210
582 (base 9) to base 14
263
What is -3935 (base 10) in base 4?
-331133
What is 11223 (base 6) in base 9?
2166
-4141 (base 5) to base 3
-202020
What is -23 (base 6) in base 7?
-21
-9517 (base 12) to base 15
-4c61
2357 (base 16) to base 8
21527
Convert 10a (base 11) to base 7.
245
Convert 263c5 (base 13) to base 16.
1153c
What is -200211212 (base 3) in base 4?
-3112223
What is -2021122 (base 3) in base 8?
-3200
-40 (base 6) to base 15
-19
What is 200212020 (base 3) in base 11?
a36a
1255 (base 16) to base 9
6384
What is -1c5 (base 15) in base 6?
-1522
Convert -7a35 (base 12) to base 16.
-3509
-11bb5 (base 12) to base 10
-24185
Convert 161536 (base 7) to base 6.
403204
What is -574 (base 9) in base 3?
-122111
What is 1cac (base 13) in base 8?
10417
43700 (base 8) to base 9
27168
What is 34326 (base 7) in base 15?
28cc
Convert -322 (base 7) to base 9.
-201
Convert 1553 (base 9) to base 15.
53c
1bb7 (base 12) to base 6
23551
143b (base 12) to base 10
2351
-216 (base 15) to base 5
-3341
What is 1bf (base 16) in base 8?
677
-2c6 (base 14) to base 12
-3b2
Convert 3394 (base 13) to base 5.
212334
What is 570 (base 8) in base 5?
3001
What is -12120 (base 12) in base 5?
-1234420
Convert 162e (base 16) to base 12.
3352
30203 (base 4) to base 13
49a
What is 1ebf (base 16) in base 2?
1111010111111
20310 (base 4) to base 12
3b0
Convert -38032 (base 10) to base 4.
-21102100
What is 3fc (base